rue
Suppose -704 = -4*u + 99884. Is u composite?
False
Let h(q) = -156*q + 1. Let k be (1/2)/(4/(-8)). Let p be 1 - (-2 + k + 5). Is h(p) prime?
True
Let u = 81 + 93. Suppose -s + 211 + u = 3*w, -5*s - 4*w + 1881 = 0. Is s a prime number?
True
Suppose 21*m - 69105 - 14538 = 0. Is m a composite number?
True
Let y = -14 - -21. Suppose 4445 = 12*t - y*t. Is t a prime number?
False
Let t be 43/5 - -3*7/(-35). Let n = t + 193. Is n prime?
False
Let g = 3545 + 2870. Is g a prime number?
False
Suppose -13*g - 250 = -8*g. Let x = -37 - g. Is x composite?
False
Suppose 3*q - 2741 = l, 0*q = 2*l + q + 5454. Suppose 5*p = -12519 - 17271. Let n = l - p. Is n a prime number?
True
Let k be (3 + -7)/(-1) + 1451. Suppose -k = -5*n - 2*t, -268 = -n + 4*t - 9*t. Is n composite?
False
Let y = -64367 - -90994. Is y a composite number?
False
Is 156 + ((-10)/4)/((-3)/6) prime?
False
Let h be (15/36 - (-1)/3)*4. Suppose 2*r - h*o = 210, 5*o + 91 = -4*r + 5*r. Is r composite?
True
Let p(x) = 10*x**2 + 4*x + 3. Let q be p(-12). Let b = -634 + q. Suppose -3*l = -4*c + 755, -l = 4*c - 2*l - b. Is c composite?
False
Let a = 7340 + -3783. Suppose -m = -5*c + 4576 - 132, -m = 4*c - a. Is c a composite number?
True
Let v(j) = -6*j**3 + 3*j + 37. Is v(-4) prime?
True
Let r(x) = -x**3 - 2*x**2 + 2*x + 403. Suppose -8*a = -13*a - 20*a. Is r(a) composite?
True
Let p(q) = -102*q**3 + 4*q**2 - 10*q - 19. Is p(-6) a composite number?
True
Let a(h) be the second derivative of 4*h**2 + 3/2*h**3 - 4*h - 1/20*h**5 + 0 + 1/12*h**4. Is a(-5) a composite number?
False
Let w = -4430 - 13467. Is 16/56 - w/7 a composite number?
False
Let j be 1 + 1*(-4 + 6). Suppose -6*f = 4*m - 9*f - 2370, -j*m = f - 1771. Is m prime?
False
Let q(j) = 187*j**2 + 2*j - 1. Let a be q(-1). Let b = -107 + 20. Let h = b + a. Is h a composite number?
False
Let f(p) be the third derivative of 5*p**5/6 - p**4/12 - 5*p**3/2 - 2*p**2. Is f(-4) prime?
False
Suppose 3*l - 14113 = -3*m + 15512, -2*m - l + 19746 = 0. Is m prime?
True
Suppose 0 = -3*x + 5*l + 454 + 619, l = 2*x - 727. Is (-4)/14 - 111/(-42)*x prime?
True
Let q = -207 + 224. Suppose 3*u + 0*u - 90 = 0. Let j = u - q. Is j a composite number?
False
Let i = 1218 + 2983. Is i a prime number?
True
Suppose -2*j + j + 467 = 0. Suppose 3*g + 7 - 49 = -5*z, 4*z = g + 20. Suppose j = 4*y - 5*q, z*y - 4*q = y + 586. Is y a composite number?
True
Is (15 + -104)/(1*2/(-2)) composite?
False
Suppose 8*j - 3*j = 980. Suppose 3*l = -4*w - 3, 2*l - w - 21 = 4*w. Suppose 2*n = l*q - 2*n - 553, -n = q - j. Is q composite?
False
Suppose -3*h = -5*h - h. Suppose 0 = 7*i - h*i - 4361. Is i composite?
True
Let r(i) = -1 - 2 + 3 + 19 + 15*i. Is r(4) a prime number?
True
Suppose 51*k + 64427 = 62*k. Is k prime?
True
Suppose 12 = -5*m - 8. Let z(g) = -6 - 4*g + 4*g - 16*g. Is z(m) a prime number?
False
Is 1/(-4) + (47336/32 - -2) prime?
True
Let w(m) = m**3 - 9*m**2 + 2*m + 18737. Is w(0) prime?
False
Suppose 2*l - 32864 = -52*p + 49*p, 2*l + 5*p - 32868 = 0. Is l a prime number?
False
Let b(u) = -u**2 + 3*u + 2. Let w be b(3). Suppose 3*a = -3*g + 126, w*a = g + 4*a - 37. Let k = g - 24. Is k a prime number?
True
Let i(z) = 13*z**2 - 17*z + 41. Is i(18) composite?
False
Suppose 2*b = -b - r + 73, -28 = -b - 4*r. Let m(u) = -u**3 + 27*u**2 - 36*u + 55. Is m(b) a prime number?
True
Let w = -160 - -233. Suppose a + 3*g = 5*a - w, 2*g - 59 = -3*a. Suppose -j - 4*v + a = 0, 3*j = -4*v + 30 + 19. Is j prime?
False
Suppose -s + 6599 = -3*l + 1817, l - 14376 = -3*s. Is s a prime number?
False
Suppose -3*s = 5*q + 4, -s + 2*q + 8 = -q. Suppose 685 = d - 4*p, -d - s*d - 5*p = -2021. Is d composite?
False
Let f(y) be the third derivative of y**4/12 + 43*y**3/6 + 29*y**2. Is f(-6) prime?
True
Suppose -11*p + 44630 = -26507. Is p a composite number?
True
Suppose -5*c - 7*c + 48 = 0. Suppose z - 13 = 35. Suppose -756 = -c*j - z. Is j prime?
False
Is 7495 + (-9)/6*4/3 a prime number?
False
Suppose 3 + 9 = 4*z. Suppose z*s = 9*s - 582. Is s composite?
False
Suppose -20*a = -22*a + 12878. Is a prime?
False
Let j(f) = f**3 + 5*f**2 + 6*f + 10. Let y be j(-4). Suppose 4*t - 754 = -i + 3659, -y*t - 2*i = -2208. Is t composite?
False
Is 93724*-6*3/(-72) composite?
False
Let x = -1 - 112. Is (-4)/8*2*x composite?
False
Let g = 80753 - 29310. Is g a prime number?
False
Let u(c) = c**3 - c + 144. Let k be u(0). Suppose -h - 5*v + 4*v + k = 0, 2*v + 292 = 2*h. Is h a prime number?
False
Suppose -3*v = 3*j - 2*j + 680, 458 = -2*v - 3*j. Let t = 454 - v. Suppose -6*z + t = -466. Is z prime?
True
Let d = 1 + -1. Suppose d = -3*h + 35 + 31. Suppose -139 = -o + h. Is o prime?
False
Let m(o) = 3*o**3 + 4*o**2 - o**3 + 3 - 4. Is m(4) a composite number?
False
Suppose a + 4 + 2 = 0. Let o = 1 + a. Is 1/((15/(-93))/o) prime?
True
Suppose 3*h - 5*p + 88 = -146, 2*h = -p - 143. Let l = h - 29. Is (l + -1 + -3)/(-1) a prime number?
False
Suppose 0*m = -4*m + 2092. Suppose 5*s - m = 7. Suppose -410 = -c + 3*z, s = 2*c + 2*z - 738. Is c a prime number?
True
Let o(g) = -g**3 + 4*g**2 - 3*g + 1. Suppose -5 = d + 3*l + 2, 15 = -5*l. Let b be o(d). Let z(f) = 11*f**2 - 2*f - 4. Is z(b) a composite number?
False
Suppose 5*j = 4*j - 138. Let r = j + 295. Is r a prime number?
True
Let f = 32 - 15. Let k = f + -14. Is (948/(-8))/k*-2 a composite number?
False
Suppose -v + 7 = z - 0, 5*v - 31 = -4*z. Suppose -3*c + 479 = 5*b, 0*c + 12 = z*c. Is b a composite number?
True
Let o(c) = 3 - 5*c + 13*c**2 + 4*c + 2*c. Is o(4) a prime number?
False
Suppose 12*h = 2*h + 102610. Is h prime?
False
Suppose -3*u - 5*a + 20884 = -0*u, -4*u = -2*a - 27802. Is u a composite number?
True
Is (-1042)/(-2*(12/(-123))/(-4)) a composite number?
True
Let h = 313605 - 211366. Is h a prime number?
False
Suppose -9544 = -s - 7*s. Let x = 648 + s. Is x a prime number?
False
Let h be 19 - (0 + -2 + -2). Suppose 2*t - 49 = 5. Let u = t - h. Is u composite?
True
Let o be 12*(-1 - 7/(-4)). Let w(t) = -2*t**2 + 13*t - 12. Let b(k) = 2*k**2 - 13*k + 13. Let g(z) = -4*b(z) - 5*w(z). Is g(o) composite?
False
Suppose -2*h = -h - 3. Suppose -h*a + a = -892. Suppose -n + a - 75 = 0. Is n prime?
False
Let j = 72248 + -4909. Is j a prime number?
True
Suppose -4*b + 0*b = -2*j - 36, 2*j = -b + 19. Let y = b + -7. Is 2 + 380 - (y + -1) composite?
False
Suppose 0 = y - 2*y + 189. Suppose -n = -0*n - y. Suppose -n = -5*v - i, 2*i - 11 = -3. Is v prime?
True
Let c = 1000 - 82. Suppose 105 = 3*p + 93. Suppose 0 = -4*s + 4, p*s + 5519 - c = 5*a. Is a composite?
True
Let g(l) = -l**2 + 2*l + 23. Let a be g(0). Let x = a + 140. Suppose s + 662 = 4*j + 4*s, x = j + 2*s. Is j a prime number?
True
Let a be (1/2)/((-1)/(-6)). Let q = 366 - 99. Suppose -d + g + q = -0*d, 805 = a*d - 2*g. Is d a prime number?
True
Suppose 2*i - 2*j = -176, -3*j = -4*i - 407 + 59. Let b = i - -151. Is b composite?
False
Suppose -3*z = 2*q - 7, -z = q + 2 - 5. Let t be (-4)/(-1)*(z - 0). Suppose t*c + 2*r = 864, -3*r - 1091 = -9*c + 4*c. Is c prime?
False
Suppose -3*q - 350517 = -6*q + 2*p, -4*p = -4*q + 467360. Is q a prime number?
False
Let v = -10 - -14. Let o(c) be the second derivative of 47*c**3/3 + c**2/2 - 3*c. Is o(v) a composite number?
True
Let g(m) = 5*m + 11 + 0 + 6*m - 5*m. Let h(i) = 2*i**2 - 6*i + 2. Let z be h(4). Is g(z) composite?
False
Let n = 159 - 111. Is 1 + 866/8 + (-12)/n a composite number?
False
Suppose 0 = -q + 5*x + 5317, -2*q - 4*x + 6044 = -4618. Is q prime?
False
Let k(j) = -j**2 - 7*j - 2. Let l be k(-4). Suppose l*c - 56 = 6*c. Is c a prime number?
False
Let g(b) = 3*b - 2*b**2 + b + 5*b + 3*b**2 + 16. Suppose r + 16 = -2*c + 4*r, -4*r = -c + 2. Is g(c) a composite number?
True
Let s be (-14)/(-8) - (-2)/8. Is 1*((160 - s) + -1) composite?
False
Suppose 5*s = -3*t + 6*t + 92600, t = 2*s - 37039. Is s a prime number?
True
Suppose o + k = -168, -4*o - 3*k + 17 = 687. Let r = o - -905. Is r composite?
False
Let o be (223 - (-1 - -1)/(-3)) + -3. Suppose -3*t - o = -781. Is t composite?
True
Suppose -25077 = -7*p + 12016. Is p composite?
True
Suppose 9*w = 4*w + 110. Suppose -5*i + w = 7. Suppose -i*f = -7*f + 328. Is f a prime number?
False
Suppose 5*a + 115 = 45. Let o(g) be the second derivative of -g**5/20 - 3*g**4/4 + 7*g**3/6 - 5*g**2/2 - 98*g. Is o(a) prime?